{"id":115,"date":"2020-03-03T07:22:37","date_gmt":"2020-03-03T07:22:37","guid":{"rendered":"https:\/\/ebeyes.com\/index.php\/contact\/"},"modified":"2025-03-04T11:57:39","modified_gmt":"2025-03-04T11:57:39","slug":"contact","status":"publish","type":"page","link":"https:\/\/ebeyes.com\/index.php\/contact\/","title":{"rendered":"Contact"},"content":{"rendered":"\t\t<div data-elementor-type=\"wp-page\" data-elementor-id=\"115\" class=\"elementor elementor-115\">\n\t\t\t\t\t\t<section class=\"elementor-section elementor-top-section elementor-element elementor-element-252d954 elementor-section-boxed elementor-section-height-default elementor-section-height-default\" data-id=\"252d954\" data-element_type=\"section\">\n\t\t\t\t\t\t<div class=\"elementor-container elementor-column-gap-no\">\n\t\t\t\t\t<div class=\"aux-parallax-section elementor-column elementor-col-33 elementor-top-column elementor-element elementor-element-483793a\" data-id=\"483793a\" data-element_type=\"column\">\n\t\t\t<div class=\"elementor-widget-wrap elementor-element-populated\">\n\t\t\t\t\t\t<div class=\"elementor-element elementor-element-e31a586 elementor-widget__width-auto aux-appear-watch-animation aux-fade-in-right-2 elementor-widget elementor-widget-aux_text\" data-id=\"e31a586\" data-element_type=\"widget\" data-widget_type=\"aux_text.default\">\n\t\t\t\t<div class=\"elementor-widget-container\">\n\t\t\t\t\t<section class=\"widget-container aux-widget-text aux-parent-aucce5b142\">        <div class=\"aux-widget-advanced-text aux-wrap-style-simple aux-ico-pos-left aux-text-left aux-text-resp- aux-text-color-dark aux-text-widget-bg-center  \" >\n        \n                            <div class=\"aux-text-widget-header \"  >\n                        <div class=\"aux-ico-box aux-ico-large aux-img-box aux-ico-shape-default aux-ico-clear \">\n                                                                <img decoding=\"async\" width=\"46\" height=\"65\" src=\"https:\/\/ebeyes.com\/wp-content\/uploads\/2020\/03\/placeholder.svg\" class=\"aux-attachment aux-featured-image aux-attachment-id-81 aux-preload aux-has-preview\" alt=\"demo-attachment-153-placeholder\" data-ratio=\"1\" data-original-w=\"46\" data-src=\"https:\/\/ebeyes.com\/wp-content\/uploads\/2020\/03\/placeholder.svg\" \/>                                                    <\/div>\n                <\/div>\n            \n            <div class=\"aux-text-inner aux-text-widget-content\">\n                                <h4 class=\"col-title\">Direcci\u00f3n<\/h4>\n                                <div class=\"widget-content\">\n                                        <p>Urbanizaci\u00f3n Bonavista Mar,<br \/>C. Principat D'Andorra, 26,<br \/>43880 El Vendrell, Tarragona\u00a0<\/p>                <\/div>\n                            <\/div>\n        <\/div>\n                    <div class=\"aux-text-widget-footer\">\n                <div class=\"aux-border-shape-none \">\n                                <\/div>\n            <\/div>\n        \n<\/section><!-- widget-container -->\t\t\t\t<\/div>\n\t\t\t\t<\/div>\n\t\t\t\t\t<\/div>\n\t\t<\/div>\n\t\t\t\t<div class=\"aux-parallax-section elementor-column elementor-col-33 elementor-top-column elementor-element elementor-element-ff195cf\" data-id=\"ff195cf\" data-element_type=\"column\">\n\t\t\t<div class=\"elementor-widget-wrap elementor-element-populated\">\n\t\t\t\t\t\t<div class=\"elementor-element elementor-element-b2f2e9d elementor-widget__width-auto aux-appear-watch-animation aux-fade-in-right-2 elementor-widget elementor-widget-aux_text\" data-id=\"b2f2e9d\" data-element_type=\"widget\" data-widget_type=\"aux_text.default\">\n\t\t\t\t<div class=\"elementor-widget-container\">\n\t\t\t\t\t<section class=\"widget-container aux-widget-text aux-parent-aud4815de8\">        <div class=\"aux-widget-advanced-text aux-wrap-style-simple aux-ico-pos-left aux-text-left aux-text-resp- aux-text-color-dark aux-text-widget-bg-center  \" >\n        \n                            <div class=\"aux-text-widget-header \"  >\n                        <div class=\"aux-ico-box aux-ico-large aux-img-box aux-ico-shape-default aux-ico-clear \">\n                                                                <img decoding=\"async\" width=\"68\" height=\"65\" src=\"https:\/\/ebeyes.com\/wp-content\/uploads\/2020\/03\/24-hours.svg\" class=\"aux-attachment aux-featured-image aux-attachment-id-84 aux-preload aux-has-preview\" alt=\"demo-attachment-142-24-hours\" data-ratio=\"1\" data-original-w=\"68\" data-src=\"https:\/\/ebeyes.com\/wp-content\/uploads\/2020\/03\/24-hours.svg\" \/>                                                    <\/div>\n                <\/div>\n            \n            <div class=\"aux-text-inner aux-text-widget-content\">\n                                <h4 class=\"col-title\">Tel\u00e9fono<\/h4>\n                                <div class=\"widget-content\">\n                                        <p><a href=\"https:\/\/www.google.com\/search?q=essential+beauty&amp;oq=ESSENTIA&amp;aqs=chrome.1.69i57j35i39i650j0i433i512j46i67i340i650j69i61l3j69i65.2913j0j7&amp;sourceid=chrome&amp;ie=UTF-8#\" data-dtype=\"d3ph\" data-local-attribute=\"d3ph\" data-ved=\"2ahUKEwjP38PE5uL-AhVNdcAKHcnsDqEQkAgoAHoECGEQAw\"><span aria-label=\"Llamar al n\u00famero de tel\u00e9fono 650 58 32 41\">650 58 32 41<\/span><\/a><\/p><p>\u00a0<\/p><p>Tambi\u00e9n os pod\u00e9is poner en contacto con nosotras a trav\u00e9s de nuestro WhatsApp<\/p>                <\/div>\n                            <\/div>\n        <\/div>\n                    <div class=\"aux-text-widget-footer\">\n                <div class=\"aux-border-shape-none \">\n                                <\/div>\n            <\/div>\n        \n<\/section><!-- widget-container -->\t\t\t\t<\/div>\n\t\t\t\t<\/div>\n\t\t\t\t\t<\/div>\n\t\t<\/div>\n\t\t\t\t<div class=\"aux-parallax-section elementor-column elementor-col-33 elementor-top-column elementor-element elementor-element-9a99913\" data-id=\"9a99913\" data-element_type=\"column\">\n\t\t\t<div class=\"elementor-widget-wrap elementor-element-populated\">\n\t\t\t\t\t\t<div class=\"elementor-element elementor-element-cd3ce7e elementor-widget__width-auto aux-appear-watch-animation aux-fade-in-right-1 elementor-widget elementor-widget-aux_text\" data-id=\"cd3ce7e\" data-element_type=\"widget\" data-widget_type=\"aux_text.default\">\n\t\t\t\t<div class=\"elementor-widget-container\">\n\t\t\t\t\t<section class=\"widget-container aux-widget-text aux-parent-au1b65168e\">        <div class=\"aux-widget-advanced-text aux-wrap-style-simple aux-ico-pos-left aux-text-left aux-text-resp- aux-text-color-dark aux-text-widget-bg-center  \" >\n        \n                            <div class=\"aux-text-widget-header \"  >\n                        <div class=\"aux-ico-box aux-ico-large aux-img-box aux-ico-shape-default aux-ico-clear \">\n                                                                <img decoding=\"async\" width=\"65\" height=\"65\" src=\"https:\/\/ebeyes.com\/wp-content\/uploads\/2020\/03\/clock.svg\" class=\"aux-attachment aux-featured-image aux-attachment-id-83 aux-preload aux-has-preview\" alt=\"demo-attachment-143-clock\" data-ratio=\"1\" data-original-w=\"65\" data-src=\"https:\/\/ebeyes.com\/wp-content\/uploads\/2020\/03\/clock.svg\" \/>                                                    <\/div>\n                <\/div>\n            \n            <div class=\"aux-text-inner aux-text-widget-content\">\n                                <h4 class=\"col-title\">Horario<\/h4>\n                                <div class=\"widget-content\">\n                                        <p>De lunes a viernes: 16:00 - 20:00h<\/p><p>S\u00e1bado y domingo de 10:00 - 13:00h<\/p><p>ATENDEMOS SOLO CON CITA PREVIA<\/p>                <\/div>\n                            <\/div>\n        <\/div>\n                    <div class=\"aux-text-widget-footer\">\n                <div class=\"aux-border-shape-none \">\n                                <\/div>\n            <\/div>\n        \n<\/section><!-- widget-container -->\t\t\t\t<\/div>\n\t\t\t\t<\/div>\n\t\t\t\t\t<\/div>\n\t\t<\/div>\n\t\t\t\t\t<\/div>\n\t\t<\/section>\n\t\t\t\t<\/div>\n\t\t","protected":false},"excerpt":{"rendered":"<p>Direcci\u00f3n Urbanizaci\u00f3n Bonavista Mar,C. Principat D&#8217;Andorra, 26,43880 El Vendrell, Tarragona\u00a0 Tel\u00e9fono 650 58 32 41 \u00a0 Tambi\u00e9n os pod\u00e9is poner en contacto con nosotras a trav\u00e9s de nuestro WhatsApp Horario De lunes a viernes: 16:00 &#8211; 20:00h S\u00e1bado y domingo de 10:00 &#8211; 13:00h ATENDEMOS SOLO CON CITA PREVIA<\/p>\n","protected":false},"author":2,"featured_media":0,"parent":0,"menu_order":0,"comment_status":"closed","ping_status":"closed","template":"templates\/page-builder-content.php","meta":{"om_disable_all_campaigns":false,"_monsterinsights_skip_tracking":false,"_monsterinsights_sitenote_active":false,"_monsterinsights_sitenote_note":"","_monsterinsights_sitenote_category":0,"footnotes":""},"class_list":["post-115","page","type-page","status-publish","hentry"],"aioseo_notices":[],"_links":{"self":[{"href":"https:\/\/ebeyes.com\/index.php\/wp-json\/wp\/v2\/pages\/115","targetHints":{"allow":["GET"]}}],"collection":[{"href":"https:\/\/ebeyes.com\/index.php\/wp-json\/wp\/v2\/pages"}],"about":[{"href":"https:\/\/ebeyes.com\/index.php\/wp-json\/wp\/v2\/types\/page"}],"author":[{"embeddable":true,"href":"https:\/\/ebeyes.com\/index.php\/wp-json\/wp\/v2\/users\/2"}],"replies":[{"embeddable":true,"href":"https:\/\/ebeyes.com\/index.php\/wp-json\/wp\/v2\/comments?post=115"}],"version-history":[{"count":9,"href":"https:\/\/ebeyes.com\/index.php\/wp-json\/wp\/v2\/pages\/115\/revisions"}],"predecessor-version":[{"id":1231,"href":"https:\/\/ebeyes.com\/index.php\/wp-json\/wp\/v2\/pages\/115\/revisions\/1231"}],"wp:attachment":[{"href":"https:\/\/ebeyes.com\/index.php\/wp-json\/wp\/v2\/media?parent=115"}],"curies":[{"name":"wp","href":"https:\/\/api.w.org\/{rel}","templated":true}]}}